by c(-1)?
9
Let l be (1 + -87)*(-10)/((-60)/(-39)). Suppose -l = 91*m - 104*m. Calculate the remainder when 128 is divided by m.
42
Let p(l) = -6*l**3 - l**2 - 13*l - 41. What is the remainder when p(-4) is divided by 10?
9
Let m = -37 - -103. Let u be 3988/20 - 68/170. Let t = u - m. What is the remainder when t is divided by 45?
43
Let i(m) = -74*m + 1. Let p be 4/(16/(-4)) + 2. Let b be i(p). What is the remainder when (-2)/((-5)/(-3 - b)) is divided by 15?
13
Let r be 4/(-10) + (-1084)/(-10). Let f(t) = t**3 + 5*t**2 - 23*t + 125. Let p be f(-9). Suppose -r = -5*c - p. Calculate the remainder when 30 is divided by c.
10
Suppose 1 = -f - 3, 0 = 4*l - f - 24. Suppose -v + 0 = -t - l, 24 = 4*v - 3*t. What is the remainder when v/(-12) - (-321)/12 is divided by 17?
9
Let y = -450 + 446. Calculate the remainder when (45/(-25))/(4/y)*15 is divided by 11.
5
Suppose -4*o + 202 = 2*m, 194 = 18*m - 16*m + 3*o. Calculate the remainder when 257 is divided by m.
2
Let r(k) = k**3 - 9*k**2 - 7*k + 1. Suppose 7*y - 1799 = -504. Calculate the remainder when y is divided by r(10).
30
Let s = 31 + -23. Suppose -s - 52 = -j. Suppose 2*q - 5*n = -0*n + 6, -4*q - 2*n + j = 0. What is the remainder when 35 is divided by q?
9
Let s = -30 + 41. Suppose 5 = 4*b - s. Suppose -b*t = -13*t + 1647. What is the remainder when t is divided by 31?
28
Suppose 4*z - 3*m - 2139 = 0, -19*m + 23*m = -5*z + 2697. What is the remainder when z is divided by (-5)/5*5 + 20?
12
Suppose 0*t = 8*t - 320. Let k = t + -80. Let s = k - -51. Calculate the remainder when 52 is divided by s.
8
Suppose 0 = c - 7*c - 444. Let q(y) = 4*y**2 - 2*y - 90. Let i be q(0). Let o = c - i. What is the remainder when 47 is divided by o?
15
Let b be (-36)/6 - -40 - (1 + 0). Suppose 2*k = n - 5, -4*n - 31*k + 20 = -b*k. What is the remainder when n is divided by 1?
0
Let r(h) = 25*h + 1023. Calculate the remainder when r(-38) is divided by 19.
16
Let o(x) = 4*x + 72. Let m be o(-16). What is the remainder when 76 is divided by 190/(m - 3) - 4/(-1)?
34
Let n(b) = b**2 + 3*b - 5. Suppose -12 = -10*u + 82 + 36. Calculate the remainder when n(6) is divided by u.
10
Suppose -4*g + 217 + 120 = -5*y, 6*y + 237 = 3*g. Let h = 45 + -26. Calculate the remainder when g is divided by h.
17
Suppose -3*b + 768 = -4*b + 2486. What is the remainder when b is divided by 7?
3
Suppose -10*c - 462 = -4*s, 0 = c + 32 - 39. What is the remainder when 1982 is divided by s?
120
Let f(u) = -u**2 - 15*u - 13. Suppose -84*k = -78*k - 120. Calculate the remainder when (0 - -1)/(k/460) is divided by f(-13).
10
Suppose 4*j - j = 1272. Suppose -2*a + 5*c + 390 = 330, 35 = a - 5*c. Calculate the remainder when j is divided by a.
24
Let g(z) = 41*z**2 + 22*z + 33. Let y be g(-14). What is the remainder when (-12)/27 + y/54*2 is divided by 4?
3
Calculate the remainder when (-17)/(-51)*(-16 - 2)*(-3771)/18 is divided by 44.
25
Suppose 0 = -4*m - x + 116, -2*m - 3*x + 66 - 8 = 0. What is the remainder when 74 is divided by m?
16
Let t be (-2 - -6) + (-120 - (-2)/(-2)). Calculate the remainder when 102 is divided by ((-2)/(-3))/((-6)/t).
11
Let s(g) = -22*g**2 - 1269*g + 92. Calculate the remainder when s(-56) is divided by 5.
4
Suppose -3*m + 339 = 508*f - 494*f, 4*f = 2*m - 266. Calculate the remainder when 804 is divided by m.
42
Let b(u) = -62*u + 4369. What is the remainder when b(-4) is divided by 31?
29
Let w be 4 + 3/2*-8. Suppose -102 = -3*m - 3*r, -68 = -2*m - r - 0. What is the remainder when 0/2 - (w + (-285)/5) is divided by m?
31
Suppose -8*l + 16 = -4*l. Suppose 0 = l*w + 2 - 102. Calculate the remainder when 37 is divided by w.
12
Let r be ((-6)/9)/((-6)/(-9)). Suppose -14 - 18 = -2*o - c, 66 = 5*o - c. What is the remainder when r/((-3)/((-570)/(-5))) is divided by o?
10
Let s be (75/(-30))/(2/4). Let n(b) = 0*b + 4 + 6 - 5 - 3*b. Calculate the remainder when 78 is divided by n(s).
18
Let s(k) = -5*k - 1. Let y be s(0). Let q be y/(-2) + (-9)/(-2). Suppose 0*m + 2*m - 4*w = 16, -m = -q*w - 5. What is the remainder when 18 is divided by m?
8
Let a = -40 - -35. Let g be -9*-2*a/(-45). Calculate the remainder when 94 is divided by (2/(-4) + 3/g)*33.
28
Let r = -166 - -168. Calculate the remainder when 91 is divided by 29 + r + -6 + -2.
22
Suppose -3*a - 24*l = -26*l - 201, 5*a = -2*l + 351. What is the remainder when a is divided by 10*9*2/5?
33
Suppose 0 = -13*g + 269 + 108. Suppose g*z + 395 = 34*z. Let o(w) = 14*w - 1. Calculate the remainder when z is divided by o(3).
38
Let r = -50 - -95. Let g(a) = -a**2 - 12*a - 22. Let x be g(-9). Suppose 25*k - 3580 = x*k. Calculate the remainder when k is divided by r.
44
Suppose 0 = 455*f - 326551 - 365504. What is the remainder when f is divided by 758?
5
Suppose 11*a + 285 = 16*a. Suppose 0 = 2*j - a + 25. What is the remainder when 158 is divided by j?
14
Suppose g + g - 118 = -2*u, g = -3*u + 181. Suppose -62*c + 252 = -59*c. Calculate the remainder when u is divided by c/(-35)*(-20)/6.
5
Let u(m) = -m + 23. Let z(r) = -2*r**3 - r**2 - r + 8. What is the remainder when u(-16) is divided by z(0)?
7
Suppose 303*u - 2247 = -73*u + 55*u. Calculate the remainder when 42 is divided by u.
0
Suppose -2*m - 4*h = -2966, 1349*h - 1352*h = -5*m + 7506. What is the remainder when m is divided by 75?
72
What is the remainder when -6*110/(-15) + -2 + 2 + -1 is divided by 12?
7
Let r(o) = -o - 494 + 494. Let s(f) = 8*f**2 - 9*f - 7. Let j(n) = -5*r(n) + s(n). What is the remainder when j(-3) is divided by 20?
17
Suppose -129*j = -2517 - 842 - 511. Calculate the remainder when 230 is divided by j.
20
Let n be 0/1*(-2)/4. Suppose n*k + 2*k = -4*d + 44, -8 = -2*k. Suppose 0 = 4*o + u - 127, 5*u + 91 + 0 = 2*o. Calculate the remainder when o is divided by d.
6
Let n(l) = l**3 - 46*l + 147. Let y = 4 + -2. Suppose y*d - 1 = 7. What is the remainder when n(5) is divided by d?
2
Suppose 12*n = 78 + 6. Suppose -13*j - n = -371. What is the remainder when 80 is divided by j?
24
Suppose -32*q + 40*q = 16. Suppose 0 = -4*l - q*c + 6*c + 152, -c = 4*l - 172. What is the remainder when 124 is divided by l?
40
Suppose 3*l + 4*q - 35 = 2*l, 0 = 5*l - 2*q - 153. Let s = 28 - l. What is the remainder when 5/((s/12)/(20/(-16))) is divided by 7?
4
Suppose 17 = 3*r + 8. Suppose -o - r*i = -4*o + 885, -4*i + 1502 = 5*o. Calculate the remainder when o is divided by 60.
58
Let m(h) = 8*h**3 - 76*h**2 + 27*h + 88. Let z(f) = 3*f**2 - f. What is the remainder when m(9) is divided by z(-1)?
3
Suppose -9*x = -1419 - 748 + 16. What is the remainder when x is divided by 19?
11
Let j = -2940 - -7513. Calculate the remainder when j is divided by 143.
140
Suppose -5*v - t + 25 = t, 2*t = 2*v - 10. Suppose -v*r - 12 = -2*l + 19, 0 = r - 3. Calculate the remainder when 482 is divided by l.
22
Let l(m) = 75*m**2 - 22*m + 19. What is the remainder when l(1) is divided by 45?
27
Let u be -8 - -3*78/18. Suppose -9*r + 4*r = -u*x - 410, -4*r + 338 = -2*x. Calculate the remainder when r is divided by 29.
0
Suppose a - 4*t - 18 - 8 = 0, -10 = 2*t. Let p = a - -34. Calculate the remainder when 87 is divided by p.
7
Suppose 2*u + 10 = j, -j + 3*u = 2*j - 33. Let y(k) = 58*k**2 - 19*k + 19. Let x be 2 + 0 + 4/(-4). What is the remainder when y(x) is divided by j?
10
Let d(f) = -20*f**2 + 14*f - 18. Let a be d(2). Suppose 0 = 5*r - o - 8, -4*r + 5*r + 11 = -4*o. What is the remainder when (-190)/a - (-2)/7 is divided by r?
0
Suppose -4*j = 52 - 96. Calculate the remainder when (-2 + 5)/(3 + (-60)/21) is divided by j.
10
Suppose 37*t = 3643 + 1204. Calculate the remainder when 3273 is divided by t.
129
Let g = -27 - -57. Let i = 65 - g. Calculate the remainder when 9/7*(-10948)/(-102) is divided by i.
33
Let o(q) = -q**2 - 5*q - 1. Let s be o(-2). Let c(l) = l**2 + s - 24 - 15 + l. What is the remainder when c(-9) is divided by 8?
6
Let u(w) = -78*w**3 - 2*w**2 - 5*w - 4. Let a be -3*(-7 - (-44)/6). Calculate the remainder when u(a) is divided by 69.
8
Let v be (2 + (-4)/3)*-3. Let g = 4 - v. Calculate the remainder when 2 + 5/(-5) - (5 + (-5 - 46)) is divided by g.
5
Let j = 67 - 18. Let q(z) = -z**2 + 45*z - 163. What is the remainder when j is divided by q(40)?
12
Suppose -2*y = -y - 1235 + 1219. Suppose 57 = w - 53. What is the 